e 14, what is 476 + 8?
480
In base 7, what is 46 + -5?
41
In base 3, what is 10 + -1200121?
-1200111
In base 4, what is 1 - 1121321?
-1121320
In base 13, what is -5 + 142?
13a
In base 9, what is -5 + 4?
-1
In base 4, what is 2 + 21203?
21211
In base 7, what is 1 + -6562?
-6561
In base 4, what is 32 + 1323?
2021
In base 9, what is -37 + -1021?
-1058
In base 11, what is 88 - -2?
8a
In base 6, what is 2 + -1142?
-1140
In base 11, what is 4a - -8?
57
In base 2, what is -11 - 1001011001?
-1001011100
In base 10, what is -10 - -106?
96
In base 15, what is -146 - 2?
-148
In base 16, what is -1f - 1c1?
-1e0
In base 5, what is -201 + 3?
-143
In base 9, what is -45 - 13?
-58
In base 9, what is -56 - -1?
-55
In base 16, what is a + 286?
290
In base 2, what is -10000000 + -1?
-10000001
In base 4, what is -13 - 3300?
-3313
In base 5, what is 123 - -21?
144
In base 15, what is e - 47?
-38
In base 7, what is 2 + -11615?
-11613
In base 6, what is -5 + -452?
-501
In base 13, what is -5c5 - 8?
-600
In base 8, what is 1 + 2551?
2552
In base 14, what is c4 - 43?
81
In base 10, what is 38 + 30?
68
In base 2, what is -11010 + -10110?
-110000
In base 5, what is 44444 - -3?
100002
In base 5, what is 324311 - -2?
324313
In base 3, what is 1002112 - -2?
1002121
In base 15, what is 6b61 - -5?
6b66
In base 6, what is -1435 + 4?
-1431
In base 13, what is -19 + 37?
1b
In base 3, what is 110 + 20?
200
In base 2, what is 100 - -11110000100?
11110001000
In base 11, what is 6a6 - -8?
703
In base 6, what is 2 + 221?
223
In base 11, what is 3109 - 1?
3108
In base 7, what is 11 + -152?
-141
In base 13, what is 293 + b?
2a1
In base 4, what is -3 - 30?
-33
In base 4, what is -11 + -31023?
-31100
In base 15, what is -131 + -5?
-136
In base 7, what is -121422 - -5?
-121414
In base 14, what is -2 - -2c?
2a
In base 15, what is -3d - -4?
-39
In base 5, what is 1 + 30?
31
In base 11, what is 993 + 0?
993
In base 14, what is -650d + -5?
-6514
In base 16, what is c + -2da?
-2ce
In base 13, what is 0 - 192?
-192
In base 12, what is 1710 - -5?
1715
In base 5, what is -2 - 322?
-324
In base 2, what is 111 + -11100?
-10101
In base 7, what is 134 - 5?
126
In base 4, what is -2 + 131?
123
In base 4, what is 10 - 101?
-31
In base 5, what is -11 - -22?
11
In base 3, what is 101010 - 1?
101002
In base 16, what is 31 - -76?
a7
In base 10, what is 17 + 36?
53
In base 4, what is -1212230 - 1?
-1212231
In base 10, what is -6 + -521?
-527
In base 8, what is 104 + 4?
110
In base 2, what is 1000111 + -1110101?
-101110
In base 2, what is 10001100001 - 10000?
10001010001
In base 11, what is 1288 + 4?
1291
In base 5, what is -2101 - 4?
-2110
In base 11, what is -2 - 509?
-510
In base 8, what is 21 - 2?
17
In base 13, what is 2c + 1b?
4a
In base 14, what is 4 - 10d5?
-10d1
In base 15, what is -1dd8 - -5?
-1dd3
In base 2, what is -11010111 - 11?
-11011010
In base 16, what is 8 + 6e?
76
In base 15, what is -5 - -2a?
25
In base 10, what is 698 + 24?
722
In base 15, what is 3b8 + 4?
3bc
In base 2, what is -110101111 + 101?
-110101010
In base 3, what is 1 + 1212?
1220
In base 12, what is b - -546?
555
In base 5, what is -3 - 32401?
-32404
In base 16, what is 0 + -190?
-190
In base 4, what is 1 - 30?
-23
In base 2, what is 110 - -11000?
11110
In base 8, what is 1 + 3120?
3121
In base 6, what is 5 + -532?
-523
In base 12, what is -4 + a?
6
In base 11, what is 70 + -4?
67
In base 5, what is 130 + 4320?
10000
In base 12, what is 482 + 5?
487
In base 15, what is -6e0 + -16?
-706
In base 4, what is -112 + 2?
-110
In base 10, what is -601 + -65?
-666
In base 7, what is 12 + 2?
14
In base 11, what is -604 + -2?
-606
In base 10, what is -44 + 3?
-41
In base 10, what is 6 - 229?
-223
In base 8, what is -51 - -6?
-43
In base 8, what is -106 - 4?
-112
In base 14, what is 8514 - -3?
8517
In base 2, what is 11 - 110111101?
-110111010
In base 5, what is -4 + 1004?
1000
In base 14, what is -a + 2c?
22
In base 10, what is 2568 + -4?
2564
In base 11, what is 3 - -166?
169
In base 12, what is -10b9 + 2?
-10b7
In base 14, what is -3 + -504?
-507
In base 2, what is -100 + -1001001010?
-1001001110
In base 8, what is -2 + 1675?
1673
In base 11, what is 72 - 2?
70
In base 9, what is 5 - 642?
-636
In base 9, what is -23 + -70?
-103
In base 13, what is -15 - -1a2?
18a
In base 2, what is 10 + -100111110?
-100111100
In base 5, what is -4 - -13?
4
In base 5, what is 2200311 + -2?
2200304
In base 8, what is 3 - 113?
-110
In base 9, what is 141 + 0?
141
In base 6, what is 234 + -5?
225
In base 14, what is -4 + 28d0?
28ca
In base 13, what is 2 - -193?
195
In base 12, what is 36 - -373?
3a9
In base 16, what is -1 + e9?
e8
In base 13, what is -2c + -16?
-45
In base 3, what is -2020 - 1001?
-10021
In base 13, what is -a - 47?
-54
In base 6, what is 5405 + 55?
5504
In base 9, what is -5 + -82?
-87
In base 10, what is 3 - 8?
-5
In base 6, what is -15253 - 2?
-15255
In base 16, what is 124 - 2?
122
In base 5, what is -4 - 32440?
-32444
In base 14, what is -a8 + 5?
-a3
In base 11, what is 13 - 22?
-a
In base 4, what is 300 - 33?
201
In base 8, what is -1022 + -4?
-1026
In base 8, what is -352 + -3?
-355
In base 2, what is -10 - 11?
-101
In base 8, what is 25 + -213?
-166
In base 4, what is -22 + -13130?
-13212
In base 15, what is 3 + 628?
62b
In base 3, what is 101201 - -212?
102120
In base 5, what is 113 + 343?
1011
In base 15, what is -3 - b1?
-b4
In base 5, what is 2 + 121320?
121322
In base 9, what is 4 + -1212?
-1207
In base 12, what is 364 - -20?
384
In base 7, what is 121 + -3?
115
In base 6, what is -44 + -32?
-120
In base 15, what is -35 - 21?
-56
In base 4, what is 3 - 131001?
-130332
In base 13, what is -4 + 49?
45
In base 15, what is 6 - 79?
-73
In base 12, what is -2bb + 5?
-2b6
In base 4, what is -212 + -11?
-223
In base 3, what is -10102 + 1121?
-1211
In base 5, what is 1133 - -1?
1134
In base 6, what is 21 + 53?
114
In base 7, what is -603 + 4?
-566
In base 10, what is -13 + -689?
-702
In base 13, what is -15 + 20?
8
In base 16, what is 3 - 7c0?
-7bd
In base 7, what is -2030 - 11?
-2041
In base 2, what is -10010111010 - 100?
-10010111110
In base 3, what is 0 - -20021?
20021
In base 6, what is -132 + -224?
-400
In base 4, what is 2 - 22?
-20
In base 15, what is 1984 + -5?
197e
In base 7, what is -2 - 246?
-251
In base 15, what is 2 + 1417?
1419
In base 11, what is -25 - -4?
-21
In base 3, what is 222211021 - -12?
222211110
In base 9, what is -2 + 367?
365
In base 8, what is -31 - -121?
70
In base 7, what is 122 - 30?
62
In base 7, what is 43 - -446?
522
In base 9, what is 431 + 4?
435
In base 5, what is 101 - -3300?
3401
In base 3, what is 11022220 + -2?
11022211
In base 2, what is -1100 + 1001101?
1000001
In base 15, what is -5 - 19?
-1e
In base 12, what is -5 + a5?
a0
In base 2, what is -100111 + 11?
-100100
In base 10, what is -204 + 9?
-195
In base 2, what is 100111110 + 11?
101000001
In base 10, what is -200 - -5?
-195
In base 8, what is -724 - 5?
-731
In base 9, what is -818 - -1?
-817
In base 10, what is -1 - -146?
145
In base 11, what is -1 - 163?
-164
In base 13, what is b + -5?
6
In base 6, what is 4 - 1123?
-1115
In base 3, what is 120021 - -12?
120110
In base 11, what is 3 - 13?
-10
In base 3, what is 221100 + 11?
221111
In base 16, what is -4 - -a?
6
In base 9, what is -6 - -48?
42
In base 7, what is -10654 + -5?
-10662
In base 4, what is -13 + -13111?
-13130
In base 4, what is 11 - -11133?
11210
In base 16, what is -368 + 5?
-363
In base 12, what is 5 + 194?
199
In base 14, what is 2300 - -1?
2301
In base 12, what is -1 - 137?
-138
In base 12, what is -5 - 745?
-74a
In base 4, what is 10 + -2022?
-2012
In base 13, what is 2 + 1810?
1812
In base 4, what is -323 - 3?
-332
In base 3, what is -1002002 + -12?
-1002021
In base 4, what is -110213 + -20?
-110233
In base 14, what is 639 - -2?
63b
In base 2, what is 0 - 1000010001101?
-1000010001101
In base 7, what is -566 + 5?
-561
In base 7, what is 4 - -435?
442
In base 7, what is -113 + -2?
-115
In base 6, what is -10332 - -4?
-10324
In base 10, what is -131 + -3?
-134
In base 10, what is 3 + -1?
2
In base 9, what is 155 + 2?
157
In base 5, what is -14144 - 20?
-14214
In base 16, what is -4 - -3c?
38
In base 15, what is 152 - -b?
15d
In base 15, what is 2 - -17?
19
In base 6,